e prime factors of 100902.
2, 3, 67, 251
What are the prime factors of 140?
2, 5, 7
List the prime factors of 117.
3, 13
What are the prime factors of 3633?
3, 7, 173
What are the prime factors of 930?
2, 3, 5, 31
What are the prime factors of 29321?
109, 269
List the prime factors of 19996.
2, 4999
List the prime factors of 4133.
4133
List the prime factors of 46393.
17, 2729
List the prime factors of 8982.
2, 3, 499
List the prime factors of 20002.
2, 73, 137
What are the prime factors of 5024?
2, 157
What are the prime factors of 123964?
2, 17, 1823
What are the prime factors of 1448?
2, 181
What are the prime factors of 8647?
8647
What are the prime factors of 124928?
2, 61
List the prime factors of 5355.
3, 5, 7, 17
List the prime factors of 1432.
2, 179
List the prime factors of 35685.
3, 5, 13, 61
List the prime factors of 868.
2, 7, 31
List the prime factors of 32796.
2, 3, 911
List the prime factors of 20407.
20407
What are the prime factors of 23504?
2, 13, 113
List the prime factors of 15768.
2, 3, 73
List the prime factors of 1393.
7, 199
What are the prime factors of 191?
191
What are the prime factors of 13339?
13339
List the prime factors of 5034.
2, 3, 839
What are the prime factors of 365?
5, 73
List the prime factors of 12359.
17, 727
What are the prime factors of 1254?
2, 3, 11, 19
What are the prime factors of 1726?
2, 863
List the prime factors of 51.
3, 17
What are the prime factors of 7585?
5, 37, 41
List the prime factors of 36562.
2, 101, 181
What are the prime factors of 9187?
9187
List the prime factors of 74512.
2, 4657
List the prime factors of 22696.
2, 2837
What are the prime factors of 79367?
79367
What are the prime factors of 2058?
2, 3, 7
What are the prime factors of 5230?
2, 5, 523
What are the prime factors of 4014?
2, 3, 223
What are the prime factors of 4870?
2, 5, 487
What are the prime factors of 1234?
2, 617
List the prime factors of 94251.
3, 89, 353
List the prime factors of 12011.
12011
What are the prime factors of 81415?
5, 19, 857
List the prime factors of 12975.
3, 5, 173
List the prime factors of 70576.
2, 11, 401
List the prime factors of 83575.
5, 3343
List the prime factors of 1800.
2, 3, 5
What are the prime factors of 16206?
2, 3, 37, 73
What are the prime factors of 744?
2, 3, 31
What are the prime factors of 1067?
11, 97
What are the prime factors of 4807?
11, 19, 23
What are the prime factors of 25526?
2, 12763
List the prime factors of 35827.
11, 3257
List the prime factors of 43013.
43013
List the prime factors of 994.
2, 7, 71
What are the prime factors of 27733?
27733
What are the prime factors of 107?
107
What are the prime factors of 407?
11, 37
List the prime factors of 123028.
2, 30757
What are the prime factors of 1524?
2, 3, 127
List the prime factors of 11546.
2, 23, 251
What are the prime factors of 6054?
2, 3, 1009
List the prime factors of 6550.
2, 5, 131
What are the prime factors of 2702?
2, 7, 193
List the prime factors of 14150.
2, 5, 283
List the prime factors of 41992.
2, 29, 181
What are the prime factors of 170?
2, 5, 17
What are the prime factors of 4151?
7, 593
What are the prime factors of 1065?
3, 5, 71
What are the prime factors of 50463?
3, 7, 89
What are the prime factors of 70948?
2, 17737
List the prime factors of 13788.
2, 3, 383
List the prime factors of 12200.
2, 5, 61
List the prime factors of 1762.
2, 881
What are the prime factors of 4583?
4583
List the prime factors of 20406.
2, 3, 19, 179
What are the prime factors of 11510?
2, 5, 1151
What are the prime factors of 2672?
2, 167
What are the prime factors of 3622?
2, 1811
What are the prime factors of 6736?
2, 421
List the prime factors of 21372.
2, 3, 13, 137
List the prime factors of 118178.
2, 37, 1597
What are the prime factors of 5870?
2, 5, 587
List the prime factors of 30.
2, 3, 5
What are the prime factors of 40178?
2, 20089
What are the prime factors of 69998?
2, 31, 1129
List the prime factors of 20468.
2, 7, 17, 43
What are the prime factors of 63027?
3, 47, 149
List the prime factors of 1249.
1249
What are the prime factors of 3356?
2, 839
List the prime factors of 3280.
2, 5, 41
List the prime factors of 10564.
2, 19, 139
List the prime factors of 13198.
2, 6599
List the prime factors of 685.
5, 137
What are the prime factors of 1216?
2, 19
List the prime factors of 58261.
7, 29, 41
What are the prime factors of 1136?
2, 71
List the prime factors of 174.
2, 3, 29
What are the prime factors of 3719?
3719
What are the prime factors of 66571?
66571
What are the prime factors of 1822?
2, 911
List the prime factors of 3799.
29, 131
List the prime factors of 12710.
2, 5, 31, 41
What are the prime factors of 5556?
2, 3, 463
List the prime factors of 994.
2, 7, 71
What are the prime factors of 7090?
2, 5, 709
What are the prime factors of 1579?
1579
What are the prime factors of 7897?
53, 149
List the prime factors of 11378.
2, 5689
List the prime factors of 69414.
2, 3, 23, 503
List the prime factors of 45608.
2, 5701
What are the prime factors of 5307?
3, 29, 61
What are the prime factors of 43125?
3, 5, 23
What are the prime factors of 3705?
3, 5, 13, 19
What are the prime factors of 58430?
2, 5, 5843
List the prime factors of 22165.
5, 11, 13, 31
What are the prime factors of 393?
3, 131
What are the prime factors of 443?
443
List the prime factors of 30061.
23, 1307
List the prime factors of 787.
787
List the prime factors of 8086.
2, 13, 311
List the prime factors of 7676.
2, 19, 101
List the prime factors of 32.
2
List the prime factors of 72321.
3, 24107
List the prime factors of 10404.
2, 3, 17
What are the prime factors of 82124?
2, 7, 419
What are the prime factors of 22263?
3, 41, 181
List the prime factors of 19363.
17, 67
List the prime factors of 89025.
3, 5, 1187
What are the prime factors of 57328?
2, 3583
What are the prime factors of 141007?
37, 103
List the prime factors of 7249.
11, 659
What are the prime factors of 46945?
5, 41, 229
What are the prime factors of 630?
2, 3, 5, 7
What are the prime factors of 13984?
2, 19, 23
List the prime factors of 13838.
2, 11, 17, 37
What are the prime factors of 287?
7, 41
List the prime factors of 3242.
2, 1621
What are the prime factors of 1821?
3, 607
What are the prime factors of 4180?
2, 5, 11, 19
List the prime factors of 4528.
2, 283
List the prime factors of 1757.
7, 251
List the prime factors of 952.
2, 7, 17
What are the prime factors of 878?
2, 439
List the prime factors of 16246.
2, 8123
What are the prime factors of 99?
3, 11
List the prime factors of 719.
719
List the prime factors of 316.
2, 79
What are the prime factors of 145638?
2, 3, 29, 31
What are the prime factors of 390?
2, 3, 5, 13
List the prime factors of 12334.
2, 7, 881
What are the prime factors of 82199?
13, 6323
What are the prime factors of 21660?
2, 3, 5, 19
What are the prime factors of 1617?
3, 7, 11
What are the prime factors of 4644?
2, 3, 43
What are the prime factors of 68731?
13, 17, 311
List the prime factors of 1801.
1801
What are the prime factors of 3138?
2, 3, 523
What are the prime factors of 1186?
2, 593
What are the prime factors of 19984?
2, 1249
List the prime factors of 165.
3, 5, 11
What are the prime factors of 269?
269
What are the prime factors of 4236?
2, 3, 353
What are the prime factors of 135663?
3, 11, 4111
List the prime factors of 167548.
2, 41887
What are the prime factors of 215?
5, 43
List the prime factors of 8690.
2, 5, 11, 79
What are the prime factors of 136666?
2, 23, 2971
List the prime factors of 2403.
3, 89
What are the prime factors of 856?
2, 107
What are the prime factors of 28240?
2, 5, 353
What are the prime factors of 8576?
2, 67
What are the prime factors of 14590?
2, 5, 1459
List the prime factors of 8367.
3, 2789
What are the prime factors of 8691?
3, 2897
What are the prime factors of 45787?
7, 31, 211
List the prime factors of 4332.
2, 3, 19
List the prime factors of 138502.
2, 7, 13, 761
What are the prime factors of 75756?
2, 3, 59, 107
What are the prime factors of 5494?
2, 41, 67
What are the prime factors of 34984?
2, 4373
List the prime factors of 716.
2, 179
What are the prime factors of 20117?
20117
What are the prime factors of 8485?
5, 1697
List the prime factors of 7672.
2, 7, 137
What 